base 6, what is -21 + 5?
-12
In base 16, what is 5 - -3?
8
In base 9, what is 35 + 4?
40
In base 2, what is 1011 - 11000?
-1101
In base 7, what is -3 - 2325?
-2331
In base 11, what is -2 - 41?
-43
In base 7, what is 13454 - 0?
13454
In base 16, what is -4 - 8?
-c
In base 7, what is 20 - -35?
55
In base 7, what is 165313 - -1?
165314
In base 7, what is 1 - -522?
523
In base 6, what is 253 + -222?
31
In base 7, what is 1 + -203?
-202
In base 10, what is 25 - -1?
26
In base 2, what is -101 + -11100111?
-11101100
In base 6, what is -5 + -4512?
-4521
In base 4, what is -1 - -10223?
10222
In base 14, what is 8c7 - -4?
8cb
In base 5, what is 31214 + -12?
31202
In base 9, what is 105 + -1?
104
In base 9, what is -5 + -34?
-40
In base 15, what is -1c - 38?
-55
In base 14, what is 5c + -2?
5a
In base 11, what is -4 - 979?
-982
In base 4, what is -20220 - -11?
-20203
In base 11, what is 1 - -183?
184
In base 7, what is -1 + 15253?
15252
In base 16, what is -12 + 187?
175
In base 2, what is -1110 - -10001111000?
10001101010
In base 7, what is 2 - 61?
-56
In base 14, what is -412 + 2?
-410
In base 14, what is 1 - 5?
-4
In base 16, what is 81 + 8?
89
In base 16, what is 1a - 5?
15
In base 16, what is -b2 - 4?
-b6
In base 14, what is -2 + -158?
-15a
In base 6, what is -4 - -324?
320
In base 14, what is 3 - -2075?
2078
In base 8, what is 1 - 1404?
-1403
In base 10, what is 32 + 70?
102
In base 5, what is 134 - -22?
211
In base 7, what is 32 + -60?
-25
In base 2, what is 101 - -11111?
100100
In base 3, what is -10220101 + -12?
-10220120
In base 12, what is -15a89 - -4?
-15a85
In base 6, what is -15 - 1121?
-1140
In base 9, what is 2820 + -4?
2815
In base 4, what is 2000 - 3?
1331
In base 7, what is 13 + 14?
30
In base 3, what is -1 + 20?
12
In base 11, what is -8a + 1?
-89
In base 15, what is -131 + 5?
-12b
In base 7, what is -50 + 2?
-45
In base 16, what is 8e + -3?
8b
In base 3, what is -1010 - 21?
-1101
In base 9, what is -2 + 1088?
1086
In base 12, what is 3 + -1057?
-1054
In base 5, what is -113 - 224?
-342
In base 13, what is a24 - 0?
a24
In base 15, what is -1d3 - -1?
-1d2
In base 15, what is -28 - -28?
0
In base 8, what is 42 - 2?
40
In base 14, what is 4 + -9?
-5
In base 5, what is -10 - -13431?
13421
In base 14, what is 124 + -3?
121
In base 11, what is -244 - -7?
-238
In base 11, what is -84 - 5?
-89
In base 6, what is -4 - 340?
-344
In base 14, what is -1 - -57?
56
In base 8, what is 5 + -20?
-13
In base 6, what is 30521 + 5?
30530
In base 14, what is 11 + -797?
-786
In base 13, what is 8 - 6?
2
In base 2, what is 1 + 1011010010?
1011010011
In base 2, what is -1100010100 + 0?
-1100010100
In base 10, what is -6848 - -5?
-6843
In base 6, what is 215402 - 2?
215400
In base 8, what is 3 + -3?
0
In base 9, what is -5 + 358?
353
In base 6, what is -4 - 501?
-505
In base 10, what is 7 + 85?
92
In base 14, what is -552 - -4?
-54c
In base 14, what is 5 + 284?
289
In base 7, what is 30 - 1411?
-1351
In base 16, what is 2 + 16?
18
In base 9, what is -5 - -4518?
4513
In base 2, what is -11100110 + -100?
-11101010
In base 13, what is -ab80 + -4?
-ab84
In base 8, what is 3 + 1741?
1744
In base 5, what is -10 + 22?
12
In base 3, what is -101122102 + -10?
-101122112
In base 9, what is -2 - 14?
-16
In base 11, what is 26 + -9?
18
In base 11, what is -2182 + 1?
-2181
In base 5, what is -2314 + -4?
-2323
In base 11, what is -22 - -6?
-17
In base 16, what is 97 + 1c?
b3
In base 11, what is 2 - -aa0?
aa2
In base 2, what is -1101101100010 + 1?
-1101101100001
In base 6, what is 3213 - -5?
3222
In base 13, what is 0 + -83?
-83
In base 15, what is 4 + -673?
-66e
In base 8, what is 3 - 471?
-466
In base 13, what is 5 + -31?
-29
In base 10, what is -34 + 10?
-24
In base 13, what is -59 - -4?
-55
In base 16, what is -132 - -4?
-12e
In base 4, what is 10 + -10220?
-10210
In base 8, what is -25 - -2621?
2574
In base 10, what is 4 - -4?
8
In base 14, what is -36a6 - 0?
-36a6
In base 2, what is 11 + -111001111?
-111001100
In base 2, what is -100 - -100010110000?
100010101100
In base 7, what is 364 - 5?
356
In base 10, what is 1024 + -1?
1023
In base 10, what is 2 - -136?
138
In base 15, what is 332 + 3?
335
In base 13, what is -36 - 5?
-3b
In base 12, what is -a - 6?
-14
In base 15, what is 223 - 16?
20c
In base 5, what is 4 + 144?
203
In base 9, what is 4 + 15?
20
In base 14, what is 4 - -b?
11
In base 14, what is 1448 + -4?
1444
In base 16, what is -18 + -9?
-21
In base 11, what is -11 - -a3?
92
In base 3, what is -1201111112 - -12?
-1201111100
In base 6, what is -555 - -5?
-550
In base 10, what is 18 + -96?
-78
In base 13, what is 3 + -861?
-85b
In base 14, what is 40 + 4?
44
In base 15, what is 9 - 9?
0
In base 4, what is 133 - -20?
213
In base 12, what is 19a68 - 5?
19a63
In base 16, what is -35 + 8?
-2d
In base 5, what is 2 + 243?
300
In base 5, what is 223 + 103?
331
In base 11, what is -49 + -39?
-87
In base 7, what is -32 + -2?
-34
In base 7, what is -2 - -3?
1
In base 5, what is 1002 - 121?
331
In base 9, what is -7252 + 0?
-7252
In base 7, what is -4614 + 4?
-4610
In base 10, what is 713 - -4?
717
In base 8, what is -30 + 1?
-27
In base 5, what is 22042 + -10?
22032
In base 12, what is 12 + 10b7?
1109
In base 16, what is 99d - 3?
99a
In base 4, what is -2 + -203?
-211
In base 6, what is -24 + 1521?
1453
In base 4, what is -20 - 20?
-100
In base 10, what is 81 + -4?
77
In base 13, what is 120 + -4?
119
In base 11, what is -1632 - 2?
-1634
In base 2, what is -1110100 + 1011110?
-10110
In base 12, what is 5 - -482?
487
In base 14, what is -30a + 1?
-309
In base 15, what is 5 + 88?
8d
In base 13, what is -73 + -3?
-76
In base 2, what is -1001010100 + 0?
-1001010100
In base 10, what is 0 - 204?
-204
In base 15, what is -3 + 7b2?
7ae
In base 7, what is -330 - -4?
-323
In base 16, what is -4 - 31?
-35
In base 7, what is -500 - -12?
-455
In base 11, what is 7 + 9?
15
In base 2, what is 10110 + -110101111?
-110011001
In base 13, what is 485 + 2?
487
In base 5, what is -20 + 21?
1
In base 14, what is a + -1c?
-12
In base 13, what is c - 1?
b
In base 6, what is -433 + 1?
-432
In base 10, what is -2 - -72?
70
In base 2, what is 110000110 + 101?
110001011
In base 11, what is 10036 + 5?
10040
In base 6, what is -13 + 243?
230
In base 6, what is 103 + 40?
143
In base 6, what is -3 + 112313?
112310
In base 10, what is -2 + 162?
160
In base 2, what is 11111 - 1001010001?
-1000110010
In base 6, what is 5401 + -4?
5353
In base 15, what is -c7 + -2?
-c9
In base 9, what is 5 + -208?
-203
In base 16, what is -10 + 4?
-c
In base 11, what is 63 + -1?
62
In base 12, what is -2 - -a3?
a1
In base 2, what is -1 + 10111110?
10111101
In base 10, what is 32 - 708?
-676
In base 8, what is -4 - 717?
-723
In base 5, what is 1424 + -200?
1224
In base 15, what is -3 - -e7e?
e7b
In base 15, what is e + c?
1b
In base 4, what is 22 - 223?
-201
In base 12, what is -4 + -943?
-947
In base 9, what is -17 - -31?
13
In base 2, what is -100 - -11010001111?
11010001011
In base 3, what is 12100 - 2?
12021
In base 5, what is -320 - 10?
-330
In base 13, what is 2 + 55?
57
In base 16, what is 12 + -5?
d
In base 12, what is -44 + 14?
-30
In base 13, what is 79 - 2?
77
In base 7, what is 4604 - 5?
4566
In base 15, what is 261 - 4?
25c
In base 10, what is -2 - 697?
-699
In base 13, what is -109 - 0?
-109
In base 13, what is -51 + 3?
-4b
In base 12, what is -295 + -2?
-297
In base 4, what is 11 + 1200?
1211
In base 12, what is -14 - -1a9?
195
In base 3, what is 112 - -111?
1000
In base 5, what is -1 - 304?
-310
In base 11, what is 1 + 4?
5
In base 15, what is -137 - -1?
-136
In base 2, what is 11 + -100110?
-100011
In base 5, what is 20 - -3?
23
In base 12, what is -3b3 - -3?
-3b0
In base 11, what is 4 + 50?
54
In base 4, what is 0 + -11310?
-11310
In base 6, what is -3 - 450?
-453
In base 8, what is -4 + -35?
-41
In base 13, what is -32 + -1b?
-50
In base 4, what is -11 - 1033?
-1110
In base 9, what is 6 - 77?
-71
In base 16, what is 0 + 28?
28
In base 14, what is -1 + -376a?
-376b
In base 13, what is 102 - 3?
cc
In base 12, what is -12 - -117?
105
In base 13, what is 53 + -4?
4c
In base 4, what is -201 - -3211?
3010
In base 2, what is -111 + 110?
-1
In base 11, what is 2 - 164?
-162
In base 9, what is 356 - 2?
354
